{"id":154,"date":"2022-05-25T20:49:06","date_gmt":"2022-05-25T20:49:06","guid":{"rendered":"https:\/\/cofradiaportonovo.com\/enlonxatour\/?page_id=154"},"modified":"2023-06-07T11:09:45","modified_gmt":"2023-06-07T11:09:45","slug":"inicio","status":"publish","type":"page","link":"https:\/\/cofradiaportonovo.com\/enlonxatour\/","title":{"rendered":"Inicio"},"content":{"rendered":"<p>[et_pb_section fb_built=\u00bb1&#8243; _builder_version=\u00bb4.17.0&#8243; _module_preset=\u00bbdefault\u00bb custom_padding=\u00bb3px||4px|||\u00bb da_disable_devices=\u00bboff|off|off\u00bb global_colors_info=\u00bb{}\u00bb da_is_popup=\u00bboff\u00bb da_exit_intent=\u00bboff\u00bb da_has_close=\u00bbon\u00bb da_alt_close=\u00bboff\u00bb da_dark_close=\u00bboff\u00bb da_not_modal=\u00bbon\u00bb da_is_singular=\u00bboff\u00bb da_with_loader=\u00bboff\u00bb da_has_shadow=\u00bbon\u00bb][et_pb_row _builder_version=\u00bb4.17.0&#8243; _module_preset=\u00bbdefault\u00bb custom_padding=\u00bb||6px|||\u00bb global_colors_info=\u00bb{}\u00bb][et_pb_column type=\u00bb4_4&#8243; _builder_version=\u00bb4.17.0&#8243; _module_preset=\u00bbdefault\u00bb global_colors_info=\u00bb{}\u00bb][et_pb_text _builder_version=\u00bb4.17.0&#8243; _module_preset=\u00bbdefault\u00bb text_font_size=\u00bb17px\u00bb text_letter_spacing=\u00bb1px\u00bb text_orientation=\u00bbcenter\u00bb global_colors_info=\u00bb{}\u00bb]<\/p>\n<p><img loading=\"lazy\" src=\"http:\/\/cofradiaportonovo.com\/enlonxatour\/wp-content\/uploads\/2022\/06\/ENLONXA_TOUR-02.png\" width=\"415\" height=\"87\" alt=\"\" class=\"wp-image-252 alignnone size-full\" \/><\/p>\n<p>[\/et_pb_text][\/et_pb_column][\/et_pb_row][et_pb_row column_structure=\u00bb3_4,1_4&#8243; make_equal=\u00bbon\u00bb _builder_version=\u00bb4.17.0&#8243; _module_preset=\u00bbdefault\u00bb custom_padding=\u00bb||6px|||\u00bb custom_css_main_element=\u00bb  align-items: center;\u00bb global_colors_info=\u00bb{}\u00bb][et_pb_column type=\u00bb3_4&#8243; _builder_version=\u00bb4.17.0&#8243; _module_preset=\u00bbdefault\u00bb global_colors_info=\u00bb{}\u00bb][et_pb_text _builder_version=\u00bb4.17.0&#8243; _module_preset=\u00bbdefault\u00bb text_font_size=\u00bb17px\u00bb text_letter_spacing=\u00bb1px\u00bb text_orientation=\u00bbcenter\u00bb hover_enabled=\u00bb0&#8243; global_colors_info=\u00bb{}\u00bb sticky_enabled=\u00bb0&#8243;]<\/p>\n<p><a href=\"http:\/\/cofradiaportonovo.com\/enlonxatour\/wp-content\/uploads\/2022\/06\/ENLONXA_TOUR-02.png\"><\/a><\/p>\n<p style=\"color: #1d517e;\">O proxecto enLonxaTour, promovido pola Confrar\u00eda de Pescadores San Roque de Portonovo, ten como obxectivo a mellora da xesti\u00f3n dos recursos da lonxa de Portonovo, fomentando o crecemento econ\u00f3mico e o patrimonio hist\u00f3rico e cultural.<\/p>\n<p style=\"color: #1d517e;\">O proxecto est\u00e1 financiado polo Grupo de Acci\u00f3n Local do Sector Pesqueiro (GALP) R\u00eda de Pontevedra, pola Conseller\u00eda do Mar e o FEMP.<\/p>\n<p style=\"color: #728e45;\">El proyecto enLonxaTour, promovido por la Cofrad\u00eda de Pescadores San Roque de Portonovo, tiene como objetivo la mejora de la gesti\u00f3n de los recursos de la lonja de Portonovo, fomentando el crecimientro econ\u00f3mico y el patrimonio hist\u00f3rico cultural.<\/p>\n<p style=\"color: #728e45;\">El proyecto est\u00e1 financiado por el Grupo de Acci\u00f3n Local del Sector Pesquero (GALP) R\u00eda de Pontevedra, por la Conseller\u00eda del Mar y el FEMP.<\/p>\n<p>[\/et_pb_text][\/et_pb_column][et_pb_column type=\u00bb1_4&#8243; _builder_version=\u00bb4.17.0&#8243; _module_preset=\u00bbdefault\u00bb global_colors_info=\u00bb{}\u00bb][et_pb_image src=\u00bbhttp:\/\/cofradiaportonovo.com\/enlonxatour\/wp-content\/uploads\/2022\/04\/mascota.png\u00bb title_text=\u00bbmascota\u00bb _builder_version=\u00bb4.17.0&#8243; _module_preset=\u00bbdefault\u00bb global_colors_info=\u00bb{}\u00bb][\/et_pb_image][\/et_pb_column][\/et_pb_row][\/et_pb_section][et_pb_section fb_built=\u00bb1&#8243; _builder_version=\u00bb4.17.0&#8243; _module_preset=\u00bbdefault\u00bb custom_padding=\u00bb30px||34px|||\u00bb da_disable_devices=\u00bboff|off|off\u00bb global_colors_info=\u00bb{}\u00bb da_is_popup=\u00bboff\u00bb da_exit_intent=\u00bboff\u00bb da_has_close=\u00bbon\u00bb da_alt_close=\u00bboff\u00bb da_dark_close=\u00bboff\u00bb da_not_modal=\u00bbon\u00bb da_is_singular=\u00bboff\u00bb da_with_loader=\u00bboff\u00bb da_has_shadow=\u00bbon\u00bb][et_pb_row column_structure=\u00bb1_2,1_2&#8243; _builder_version=\u00bb4.17.0&#8243; _module_preset=\u00bbdefault\u00bb global_colors_info=\u00bb{}\u00bb][et_pb_column type=\u00bb1_2&#8243; _builder_version=\u00bb4.17.0&#8243; _module_preset=\u00bbdefault\u00bb global_colors_info=\u00bb{}\u00bb][et_pb_blurb title=\u00bbVisita virtual\u00bb image=\u00bbhttp:\/\/cofradiaportonovo.com\/enlonxatour\/wp-content\/uploads\/2022\/07\/banner-1.jpg\u00bb _builder_version=\u00bb4.17.0&#8243; _module_preset=\u00bbdefault\u00bb header_font=\u00bb|600||on|||||\u00bb header_font_size=\u00bb21px\u00bb body_font_size=\u00bb12px\u00bb image_icon_custom_margin=\u00bb||||false|false\u00bb image_icon_custom_padding=\u00bb||||false|false\u00bb text_orientation=\u00bbcenter\u00bb background_layout=\u00bbdark\u00bb custom_margin=\u00bb||||false|false\u00bb custom_padding=\u00bb||||false|false\u00bb link_option_url=\u00bbhttps:\/\/cofradiaportonovo.com\/enlonxatour\/visita-guiada\/\u00bb custom_css_main_element=\u00bbline-height: 0;\u00bb custom_css_blurb_title=\u00bbbackground: #e52f6d;||padding: 20px 0;\u00bb border_width_all=\u00bb2px\u00bb border_color_all=\u00bb#e52f6d\u00bb global_colors_info=\u00bb{}\u00bb transform_styles__hover_enabled=\u00bbon|hover\u00bb transform_scale__hover_enabled=\u00bbon|hover\u00bb transform_translate__hover_enabled=\u00bbon|desktop\u00bb transform_rotate__hover_enabled=\u00bbon|desktop\u00bb transform_skew__hover_enabled=\u00bbon|desktop\u00bb transform_origin__hover_enabled=\u00bbon|desktop\u00bb transform_scale__hover=\u00bb110%|110%\u00bb][\/et_pb_blurb][\/et_pb_column][et_pb_column type=\u00bb1_2&#8243; _builder_version=\u00bb4.17.0&#8243; _module_preset=\u00bbdefault\u00bb global_colors_info=\u00bb{}\u00bb][et_pb_blurb title=\u00bbArquivo hist\u00f3rico\u00bb image=\u00bbhttp:\/\/cofradiaportonovo.com\/enlonxatour\/wp-content\/uploads\/2022\/07\/banner-2.jpg\u00bb _builder_version=\u00bb4.17.0&#8243; _module_preset=\u00bbdefault\u00bb header_font=\u00bb|600||on|||||\u00bb header_font_size=\u00bb21px\u00bb body_font_size=\u00bb12px\u00bb image_icon_custom_margin=\u00bb||||false|false\u00bb image_icon_custom_padding=\u00bb||||false|false\u00bb text_orientation=\u00bbcenter\u00bb background_layout=\u00bbdark\u00bb custom_margin=\u00bb||||false|false\u00bb custom_padding=\u00bb||||false|false\u00bb link_option_url=\u00bbhttps:\/\/cofradiaportonovo.com\/enlonxatour\/arquivo-historico\/\u00bb custom_css_main_element=\u00bbline-height: 0;\u00bb custom_css_blurb_title=\u00bbbackground: #e52f6d;||padding: 20px 0;\u00bb border_width_all=\u00bb2px\u00bb border_color_all=\u00bb#e52f6d\u00bb global_colors_info=\u00bb{}\u00bb transform_styles__hover_enabled=\u00bbon|hover\u00bb transform_scale__hover_enabled=\u00bbon|hover\u00bb transform_translate__hover_enabled=\u00bbon|desktop\u00bb transform_rotate__hover_enabled=\u00bbon|desktop\u00bb transform_skew__hover_enabled=\u00bbon|desktop\u00bb transform_origin__hover_enabled=\u00bbon|desktop\u00bb transform_scale__hover=\u00bb110%|110%\u00bb][\/et_pb_blurb][\/et_pb_column][\/et_pb_row][\/et_pb_section][et_pb_section fb_built=\u00bb1&#8243; _builder_version=\u00bb4.17.0&#8243; _module_preset=\u00bbdefault\u00bb custom_padding=\u00bb3px||1px|||\u00bb da_disable_devices=\u00bboff|off|off\u00bb global_colors_info=\u00bb{}\u00bb da_is_popup=\u00bboff\u00bb da_exit_intent=\u00bboff\u00bb da_has_close=\u00bbon\u00bb da_alt_close=\u00bboff\u00bb da_dark_close=\u00bboff\u00bb da_not_modal=\u00bbon\u00bb da_is_singular=\u00bboff\u00bb da_with_loader=\u00bboff\u00bb da_has_shadow=\u00bbon\u00bb][et_pb_row _builder_version=\u00bb4.17.0&#8243; _module_preset=\u00bbdefault\u00bb width=\u00bb100%\u00bb max_width=\u00bb2500px\u00bb custom_padding=\u00bb2px||3px|||\u00bb global_colors_info=\u00bb{}\u00bb][et_pb_column type=\u00bb4_4&#8243; _builder_version=\u00bb4.17.0&#8243; _module_preset=\u00bbdefault\u00bb global_colors_info=\u00bb{}\u00bb][et_pb_image src=\u00bbhttp:\/\/cofradiaportonovo.com\/enlonxatour\/wp-content\/uploads\/2022\/07\/logos-footer.jpg\u00bb title_text=\u00bblogos-footer\u00bb align=\u00bbcenter\u00bb _builder_version=\u00bb4.17.0&#8243; _module_preset=\u00bbdefault\u00bb max_width=\u00bb1800px\u00bb global_colors_info=\u00bb{}\u00bb][\/et_pb_image][\/et_pb_column][\/et_pb_row][\/et_pb_section]<\/p>\n","protected":false},"excerpt":{"rendered":"<p>O proxecto enLonxaTour, promovido pola Confrar\u00eda de Pescadores San Roque de Portonovo, ten como obxectivo a mellora da xesti\u00f3n dos recursos da lonxa de Portonovo, fomentando o crecemento econ\u00f3mico e o patrimonio hist\u00f3rico e cultural. O proxecto est\u00e1 financiado polo Grupo de Acci\u00f3n Local do Sector Pesqueiro (GALP) R\u00eda de Pontevedra, pola Conseller\u00eda do Mar [&hellip;]<\/p>\n","protected":false},"author":1,"featured_media":0,"parent":0,"menu_order":0,"comment_status":"closed","ping_status":"closed","template":"page-template-blank.php","meta":{"_et_pb_use_builder":"on","_et_pb_old_content":"","_et_gb_content_width":""},"_links":{"self":[{"href":"https:\/\/cofradiaportonovo.com\/enlonxatour\/wp-json\/wp\/v2\/pages\/154"}],"collection":[{"href":"https:\/\/cofradiaportonovo.com\/enlonxatour\/wp-json\/wp\/v2\/pages"}],"about":[{"href":"https:\/\/cofradiaportonovo.com\/enlonxatour\/wp-json\/wp\/v2\/types\/page"}],"author":[{"embeddable":true,"href":"https:\/\/cofradiaportonovo.com\/enlonxatour\/wp-json\/wp\/v2\/users\/1"}],"replies":[{"embeddable":true,"href":"https:\/\/cofradiaportonovo.com\/enlonxatour\/wp-json\/wp\/v2\/comments?post=154"}],"version-history":[{"count":29,"href":"https:\/\/cofradiaportonovo.com\/enlonxatour\/wp-json\/wp\/v2\/pages\/154\/revisions"}],"predecessor-version":[{"id":858,"href":"https:\/\/cofradiaportonovo.com\/enlonxatour\/wp-json\/wp\/v2\/pages\/154\/revisions\/858"}],"wp:attachment":[{"href":"https:\/\/cofradiaportonovo.com\/enlonxatour\/wp-json\/wp\/v2\/media?parent=154"}],"curies":[{"name":"wp","href":"https:\/\/api.w.org\/{rel}","templated":true}]}}